{"id":47,"date":"2019-07-13T17:12:54","date_gmt":"2019-07-13T17:12:54","guid":{"rendered":"http:\/\/www.al-beyapi.com\/?page_id=47"},"modified":"2019-07-13T17:54:16","modified_gmt":"2019-07-13T17:54:16","slug":"enerji-kimlik-belgesi-nedir","status":"publish","type":"page","link":"https:\/\/www.al-beyapi.com\/index.php\/enerji-kimlik-belgesi-nedir\/","title":{"rendered":"Enerji Kimlik Belgesi Nedir?"},"content":{"rendered":"\n<ul class=\"wp-block-gallery columns-1 is-cropped wp-block-gallery-1 is-layout-flex\"><li class=\"blocks-gallery-item\"><figure><img decoding=\"async\" loading=\"lazy\" width=\"801\" height=\"406\" src=\"http:\/\/www.al-beyapi.com\/wp-content\/uploads\/2019\/07\/EKB-1415.jpg\" alt=\"\" data-id=\"76\" data-link=\"http:\/\/www.al-beyapi.com\/index.php\/enerji-kimlik-belgesi-nedir\/ekb-1415\/\" class=\"wp-image-76\" srcset=\"https:\/\/www.al-beyapi.com\/wp-content\/uploads\/2019\/07\/EKB-1415.jpg 801w, https:\/\/www.al-beyapi.com\/wp-content\/uploads\/2019\/07\/EKB-1415-300x152.jpg 300w, https:\/\/www.al-beyapi.com\/wp-content\/uploads\/2019\/07\/EKB-1415-768x389.jpg 768w\" sizes=\"(max-width: 801px) 100vw, 801px\" \/><\/figure><\/li><\/ul>\n\n\n\n<p>\u201cEnerji Kimlik Belgesi\u201d, binalarda enerjinin ve enerji kaynaklar\u0131n\u0131n etkin ve verimli kullan\u0131lmas\u0131na, enerji israf\u0131n\u0131n \u00f6nlenmesine ve \u00e7evrenin korunmas\u0131n\u0131 sa\u011flamak i\u00e7in, asgari olarak binan\u0131n enerji ihtiyac\u0131 ve enerji t\u00fcketim s\u0131n\u0131fland\u0131rmas\u0131, yal\u0131t\u0131m \u00f6zellikleri ve \u0131s\u0131tma ve\/veya so\u011futma sistemlerinin verimi ile ilgili bilgileri i\u00e7eren belgedir. Enerji kimlik belgesi biri nevi binan\u0131z\u0131n kimli\u011fidir.<\/p>\n\n\n\n<p>Binalarda Enerji Performans Y\u00f6netmeli\u011fi\u2019ne (BEP) g\u00f6re Enerji Kimlik Belgesi uygulamas\u0131 1 Ocak 2011\u2019de itibaren y\u00fcr\u00fcrl\u00fc\u011fe girmi\u015f olup, yeni binalar i\u00e7in al\u0131nmas\u0131 zorunlu k\u0131l\u0131nm\u0131\u015ft\u0131r. Mevcut yal\u0131t\u0131ml\u0131 ve yal\u0131t\u0131ms\u0131z t\u00fcm binalar i\u00e7in ise 2020 y\u0131l\u0131na kadar Enerji Kimlik Belgesi al\u0131nmas\u0131 zorunludur. Konutunuzda yap\u0131lacak t\u00fcm yal\u0131t\u0131m uygulamalar\u0131nda uygun kal\u0131nl\u0131ktaki yal\u0131t\u0131m \u00fcr\u00fcnlerinin kullan\u0131m\u0131 yap\u0131n\u0131n enerji t\u00fcketim ve sera gaz\u0131 sal\u0131m s\u0131n\u0131flar\u0131nda iyile\u015ftirici rol oynamas\u0131n\u0131 sa\u011fl\u0131yor ve bu bilgiler Enerji Kimlik Belgesi \u00fczerinde belirtilerek binan\u0131n emlak de\u011ferinin artmas\u0131na da katk\u0131 sa\u011fl\u0131yor. 2020 y\u0131l\u0131ndan itibaren EKB belgesi olmayan konutlar\u0131n ne sat\u0131\u015f\u0131 ne de kiralanmas\u0131 m\u00fcmk\u00fcn olmayacakt\u0131r.<\/p>\n\n\n\n<h3 class=\"wp-block-heading\">American Siding Is\u0131 Yal\u0131t\u0131m Sistemi ile Binan\u0131z A S\u0131n\u0131f\u0131 Olsun!<\/h3>\n\n\n\n<p>merican Siding Is\u0131 Yal\u0131t\u0131m Sistemi uygulanan binalar, sistem i\u00e7eri\u011finde kullan\u0131lan Bonus ta\u015f y\u00fcn\u00fc sayesinde en y\u00fcksek s\u0131n\u0131f enerji kimlik belgesine sahip oluyor. Yang\u0131na kar\u015f\u0131 dayan\u0131kl\u0131, su itici \u00f6zelli\u011fi olan \u0131s\u0131 ve ses yal\u0131t\u0131m malzemesi olan Bonus ta\u015f y\u00fcn\u00fc ile American Siding sistemi uygulanm\u0131\u015f binalarda y\u00fczde 55\u2019e varan enerji tasarrufu sa\u011flan\u0131rken, binan\u0131z d\u0131\u015f hava \u015fartlar\u0131na kar\u015f\u0131 diren\u00e7li k\u0131l\u0131n\u0131yor.<\/p>\n\n\n\n<p>%97 oran\u0131nda do\u011fal elyaf i\u00e7eren \u00e7evre dostu Bonus ta\u015f y\u00fcn\u00fc, enerji tasarrufu sa\u011flamas\u0131n\u0131n yan\u0131 s\u0131ra ses ve g\u00fcr\u00fclt\u00fc gibi olumsuz etkileri engelledi\u011fi i\u00e7in, evinizde huzurlu bir ortam sa\u011fl\u0131yor. A1 s\u0131n\u0131f\u0131 yanma dayan\u0131m\u0131na sahip Bonus ta\u015f y\u00fcn\u00fc, enerji tasarrufunun yan\u0131 s\u0131ra ses ve yang\u0131n yal\u0131t\u0131m\u0131 avantaj\u0131 ile binalarda g\u00fcvenli yal\u0131t\u0131m \u00e7\u00f6z\u00fcmleri sunuyor.<\/p>\n\n\n\n<h3 class=\"wp-block-heading\">Nefes Alan Binalar, Konforlu Ya\u015fam Alanlar\u0131<\/h3>\n\n\n\n<p>American Siding \u0131s\u0131 yal\u0131t\u0131m sistemi uygulamas\u0131nda, sistem alt yap\u0131s\u0131nda nem bariyeri de kullan\u0131larak d\u0131\u015f mekandan cephe y\u00fczeyine olas\u0131 su ve nem ge\u00e7i\u015fine engel olunurken, binan\u0131n hava almas\u0131 sa\u011flan\u0131yor. Bu sayede American Siding \u0131s\u0131 yal\u0131t\u0131m sistemi nem, rutubet, k\u00fcf gibi olumsuzluklardan uzak, konforlu ve hijyenik ya\u015fam alanlar\u0131 sunuyor.<\/p>\n\n\n\n<p>American Siding \u0131s\u0131 yal\u0131t\u0131m sistemi, alternatif d\u0131\u015f cephe uygulamalar\u0131na g\u00f6re sahip oldu\u011fu y\u00fck avantaj\u0131 sayesinde hem g\u00fcvenli, hem de estetik yal\u0131t\u0131m olana\u011f\u0131 sunuyor. Estetik ve nostaljik g\u00f6r\u00fcnt\u00fcs\u00fcyle ya\u015fam alanlar\u0131n\u0131z\u0131 g\u00fczelle\u015ftirerek binalar\u0131n\u0131za de\u011fer kazand\u0131r\u0131yor.<\/p>\n","protected":false},"excerpt":{"rendered":"<p>\u201cEnerji Kimlik Belgesi\u201d, binalarda enerjinin ve enerji kaynaklar\u0131n\u0131n etkin ve verimli kullan\u0131lmas\u0131na, enerji israf\u0131n\u0131n \u00f6nlenmesine ve \u00e7evrenin korunmas\u0131n\u0131 sa\u011flamak i\u00e7in, &hellip; <\/p>\n","protected":false},"author":1,"featured_media":0,"parent":0,"menu_order":0,"comment_status":"closed","ping_status":"closed","template":"","meta":[],"_links":{"self":[{"href":"https:\/\/www.al-beyapi.com\/index.php\/wp-json\/wp\/v2\/pages\/47"}],"collection":[{"href":"https:\/\/www.al-beyapi.com\/index.php\/wp-json\/wp\/v2\/pages"}],"about":[{"href":"https:\/\/www.al-beyapi.com\/index.php\/wp-json\/wp\/v2\/types\/page"}],"author":[{"embeddable":true,"href":"https:\/\/www.al-beyapi.com\/index.php\/wp-json\/wp\/v2\/users\/1"}],"replies":[{"embeddable":true,"href":"https:\/\/www.al-beyapi.com\/index.php\/wp-json\/wp\/v2\/comments?post=47"}],"version-history":[{"count":3,"href":"https:\/\/www.al-beyapi.com\/index.php\/wp-json\/wp\/v2\/pages\/47\/revisions"}],"predecessor-version":[{"id":77,"href":"https:\/\/www.al-beyapi.com\/index.php\/wp-json\/wp\/v2\/pages\/47\/revisions\/77"}],"wp:attachment":[{"href":"https:\/\/www.al-beyapi.com\/index.php\/wp-json\/wp\/v2\/media?parent=47"}],"curies":[{"name":"wp","href":"https:\/\/api.w.org\/{rel}","templated":true}]}}